

{"id":152,"date":"2019-02-12T15:29:07","date_gmt":"2019-02-12T15:29:07","guid":{"rendered":"http:\/\/kjelstrupconsult.dk\/?page_id=152"},"modified":"2020-10-03T00:09:20","modified_gmt":"2020-10-02T22:09:20","slug":"beslutning","status":"publish","type":"page","link":"https:\/\/kjelstrupconsult.dk\/?page_id=152","title":{"rendered":"Referencer"},"content":{"rendered":"<h2 class=\"overskrift\">Referencer<\/h2>\n<p>De virksomheder, jeg arbejder for &amp; med, er ambiti\u00f8se p\u00e5 en r\u00e6kke omr\u00e5der, som v\u00e6kst, kvalitet og fokus p\u00e5 ogs\u00e5 at kunne f\u00f8lge med, n\u00e5r det nogle gange g\u00e5r st\u00e6rkt. Det, at man ikke glemmer sine kunder, n\u00e5r vi har travlt. Det, at alle kunder er store kunder, uanset, hvor store de rent faktisk er.<\/p>\n<div class=\"smls-main-logo-outer-712309727 smls-main-logo-wrapper\">\r\n        <div class=\"smls-note-admin\">\r\n         Note: Carousel will only load on frontend.     <\/div>\r\n      <div class=\"smls-carousel-logo smls-carousel-template-1  smls-carousel-arrow-type-1 smls-carousel-pager-template-2 smls-overlay-effect\"  data-autoplay=\"true\"\r\n           data-id=\"smls_5479790\"\r\n           data-pager=\"true\" data-controls=\"true\" data-controls-type=\"arrow\" data-slide-count=\"3\"\r\n           data-auto-speed=\"2000\"\r\n           data-template=\"template-1\" data-pager-template=\"\"\r\n           data-arrow-type=\"type-1\">\r\n                          <div class=\"smls-logo-carousel-1 \"\r\n              >\r\n\r\n             <div class=\"smls-car-img-wrap\">\r\n                            <img src=\"https:\/\/kjelstrupconsult.dk\/wp-content\/uploads\/2019\/02\/0.png\" alt=\"\">\r\n             <div class = \"smls-overlay-all-wrap\">\r\n                          <\/div>\r\n            <div class=\"smls-overlay-wrap\"><\/div>\r\n                    <\/div>\r\n      <\/div>\r\n                     <div class=\"smls-logo-carousel-1 \"\r\n              >\r\n\r\n             <div class=\"smls-car-img-wrap\">\r\n                            <img src=\"https:\/\/kjelstrupconsult.dk\/wp-content\/uploads\/2019\/02\/als-logo-white-black.png\" alt=\"\">\r\n             <div class = \"smls-overlay-all-wrap\">\r\n                          <\/div>\r\n            <div class=\"smls-overlay-wrap\"><\/div>\r\n                    <\/div>\r\n      <\/div>\r\n                     <div class=\"smls-logo-carousel-1 \"\r\n              >\r\n\r\n             <div class=\"smls-car-img-wrap\">\r\n                            <img src=\"https:\/\/kjelstrupconsult.dk\/wp-content\/uploads\/2019\/02\/df-logo-sort.png\" alt=\"\">\r\n             <div class = \"smls-overlay-all-wrap\">\r\n                          <\/div>\r\n            <div class=\"smls-overlay-wrap\"><\/div>\r\n                    <\/div>\r\n      <\/div>\r\n                     <div class=\"smls-logo-carousel-1 \"\r\n              >\r\n\r\n             <div class=\"smls-car-img-wrap\">\r\n                            <img src=\"https:\/\/kjelstrupconsult.dk\/wp-content\/uploads\/2019\/02\/havne-logistik-thyboron-stevedore-ny.png\" alt=\"\">\r\n             <div class = \"smls-overlay-all-wrap\">\r\n                          <\/div>\r\n            <div class=\"smls-overlay-wrap\"><\/div>\r\n                    <\/div>\r\n      <\/div>\r\n                     <div class=\"smls-logo-carousel-1 \"\r\n              >\r\n\r\n             <div class=\"smls-car-img-wrap\">\r\n                            <img src=\"https:\/\/kjelstrupconsult.dk\/wp-content\/uploads\/2019\/02\/th2-black.png\" alt=\"\">\r\n             <div class = \"smls-overlay-all-wrap\">\r\n                          <\/div>\r\n            <div class=\"smls-overlay-wrap\"><\/div>\r\n                    <\/div>\r\n      <\/div>\r\n                     <div class=\"smls-logo-carousel-1 \"\r\n              >\r\n\r\n             <div class=\"smls-car-img-wrap\">\r\n                            <img src=\"https:\/\/kjelstrupconsult.dk\/wp-content\/uploads\/2019\/02\/rival.png\" alt=\"\">\r\n             <div class = \"smls-overlay-all-wrap\">\r\n                          <\/div>\r\n            <div class=\"smls-overlay-wrap\"><\/div>\r\n                    <\/div>\r\n      <\/div>\r\n                     <div class=\"smls-logo-carousel-1 \"\r\n              >\r\n\r\n             <div class=\"smls-car-img-wrap\">\r\n                            <img src=\"https:\/\/kjelstrupconsult.dk\/wp-content\/uploads\/2019\/02\/NSOSG.png\" alt=\"\">\r\n             <div class = \"smls-overlay-all-wrap\">\r\n                          <\/div>\r\n            <div class=\"smls-overlay-wrap\"><\/div>\r\n                    <\/div>\r\n      <\/div>\r\n      <\/div>\r\n  <\/div>\r\n  <style>\n    .smls-main-logo-outer-712309727.smls-main-logo-wrapper {\n        width: 100%;\n        margin:0 auto;\n    }\n    .smls-main-logo-outer-712309727 .smls-grid-container-template-1 .smls-grid-each-item:before,\n    .smls-main-logo-outer-712309727 .smls-grid-container-template-1 .smls-grid-image-wrap:before,\n    .smls-main-logo-outer-712309727 .smls-grid-container-template-2 .smls-grid-each-item:before,\n    .smls-main-logo-outer-712309727 .smls-grid-container-template-2 .smls-grid-image-wrap:before {\n\n        border-left: 1px solid #e9e9e9;\n    }\n    .smls-main-logo-outer-712309727 .smls-grid-container-template-1 .smls-grid-each-item:after,\n    .smls-main-logo-outer-712309727 .smls-grid-container-template-1 .smls-grid-image-wrap:after,\n    .smls-main-logo-outer-712309727 .smls-grid-container-template-2 .smls-grid-each-item:after,\n    .smls-main-logo-outer-712309727 .smls-grid-container-template-2 .smls-grid-image-wrap:after {\n        border-bottom: 1px solid #e9e9e9;\n    }\n    .smls-main-logo-outer-712309727 .smls-grid-container-template-2 {\n        border: 1px solid #e9e9e9;\n    }\n\n    .smls-main-logo-outer-712309727 .smls-carousel-pager-template-2.owl-theme .owl-dots .owl-dot span:before\n    {\n        background-color:  #0d98dc;\n\n    }\n    .smls-main-logo-outer-712309727 .smls-carousel-pager-template-2.owl-theme .owl-dots .owl-dot span {\n        background:  #7c7c7c;\n    }\n\n    .smls-main-logo-outer-712309727 .smls-carousel-arrow-type-1.owl-theme .owl-controls .owl-nav [class*=owl-]:hover {\n        background-color: rgba(71, 71, 71, 0.7);\n    }\n    .smls-main-logo-outer-712309727 .smls-carousel-arrow-type-1.owl-theme .owl-controls .owl-nav [class*=owl-] {\n        background-color: #474747;\n    }\n    .smls-main-logo-outer-712309727 .smls-carousel-arrow-type-2.owl-theme .owl-controls .owl-nav [class*=owl-] {\n        background-color:  #474747;\n    }\n    .smls-main-logo-outer-712309727 .smls-carousel-arrow-type-2.owl-theme .owl-controls .owl-nav [class*=owl-]:hover {\n        background-color: rgba(71, 71, 71, 0.7);\n    }\n    .smls-main-logo-outer-712309727 .smls-carousel-arrow-type-3.owl-theme .owl-controls .owl-nav [class*=owl-] {\n        border: 2px solid #474747;\n\n    }\n    .smls-main-logo-outer-712309727 .smls-carousel-arrow-type-3.owl-theme .owl-controls .owl-nav [class*=owl-]:before {\n        background-color: rgba(71, 71, 71, 0.7);\n    }\n    .smls-main-logo-outer-712309727 .smls-carousel-arrow-type-3.owl-theme .owl-controls .owl-nav [class*=owl-]:hover {\n        border-color: rgba(71, 71, 71, 0.7);\n    }\n    .smls-main-logo-outer-712309727 .smls-carousel-arrow-type-4.owl-theme .owl-controls .owl-nav [class*=owl-] {\n        border: 2px solid #474747;\n        color: #474747;\n    }\n    .smls-main-logo-outer-712309727 .smls-carousel-arrow-type-4.owl-carousel .owl-controls .owl-nav [class*=owl-]:hover {\n        background-color: rgba(71, 71, 71, 0.7);\n        color: #333333;\n    }\n    .smls-main-logo-outer-712309727 .smls-carousel-arrow-type-5.owl-theme .owl-controls .owl-nav [class*=owl-] {\n        background-color:  #474747;\n\n    }\n\n    .smls-main-logo-outer-712309727 .smls-carousel-template-2.owl-carousel .smls-carousel-four-items {\n        border: 1px solid  #eee;\n    }\n\n<\/style>\n","protected":false},"excerpt":{"rendered":"<p>Referencer De virksomheder, jeg arbejder for &amp; med, er ambiti\u00f8se p\u00e5 en r\u00e6kke omr\u00e5der, som v\u00e6kst, kvalitet og fokus p\u00e5 ogs\u00e5 at kunne f\u00f8lge med, n\u00e5r det nogle gange g\u00e5r st\u00e6rkt. Det, at man ikke glemmer sine kunder, n\u00e5r vi har travlt. Det, at alle kunder er store kunder, uanset, hvor store de rent faktisk [&hellip;]<\/p>\n","protected":false},"author":1,"featured_media":0,"parent":0,"menu_order":35,"comment_status":"closed","ping_status":"closed","template":"","meta":[],"_links":{"self":[{"href":"https:\/\/kjelstrupconsult.dk\/index.php?rest_route=\/wp\/v2\/pages\/152"}],"collection":[{"href":"https:\/\/kjelstrupconsult.dk\/index.php?rest_route=\/wp\/v2\/pages"}],"about":[{"href":"https:\/\/kjelstrupconsult.dk\/index.php?rest_route=\/wp\/v2\/types\/page"}],"author":[{"embeddable":true,"href":"https:\/\/kjelstrupconsult.dk\/index.php?rest_route=\/wp\/v2\/users\/1"}],"replies":[{"embeddable":true,"href":"https:\/\/kjelstrupconsult.dk\/index.php?rest_route=%2Fwp%2Fv2%2Fcomments&post=152"}],"version-history":[{"count":4,"href":"https:\/\/kjelstrupconsult.dk\/index.php?rest_route=\/wp\/v2\/pages\/152\/revisions"}],"predecessor-version":[{"id":239,"href":"https:\/\/kjelstrupconsult.dk\/index.php?rest_route=\/wp\/v2\/pages\/152\/revisions\/239"}],"wp:attachment":[{"href":"https:\/\/kjelstrupconsult.dk\/index.php?rest_route=%2Fwp%2Fv2%2Fmedia&parent=152"}],"curies":[{"name":"wp","href":"https:\/\/api.w.org\/{rel}","templated":true}]}}